usands digit of 113570448?
7
What is the ten millions digit of 3735557263?
3
What is the ten millions digit of 290637312?
9
What is the units digit of 401980203?
3
What is the ten millions digit of 1707048610?
0
What is the hundred thousands digit of 41750470?
7
What is the tens digit of 160456326?
2
What is the millions digit of 48127057?
8
What is the ten thousands digit of 2680952315?
5
What is the hundreds digit of 339599074?
0
What is the hundreds digit of 59132266?
2
What is the ten thousands digit of 309654340?
5
What is the hundred millions digit of 881726071?
8
What is the ten thousands digit of 482025726?
2
What is the tens digit of 806318087?
8
What is the thousands digit of 174487899?
7
What is the hundreds digit of 80183852?
8
What is the ten millions digit of 2571422617?
7
What is the hundred millions digit of 850696987?
8
What is the hundred thousands digit of 12889547?
8
What is the thousands digit of 1903426138?
6
What is the ten millions digit of 431697367?
3
What is the millions digit of 125074625?
5
What is the ten thousands digit of 15737289?
3
What is the thousands digit of 325903984?
3
What is the tens digit of 71933388?
8
What is the hundred thousands digit of 44665330?
6
What is the hundred thousands digit of 37318929?
3
What is the millions digit of 667018120?
7
What is the hundreds digit of 46067455?
4
What is the ten thousands digit of 186088298?
8
What is the ten thousands digit of 84100078?
0
What is the hundred millions digit of 465830217?
4
What is the hundred thousands digit of 316110591?
1
What is the ten millions digit of 29262841?
2
What is the units digit of 413758260?
0
What is the millions digit of 85141433?
5
What is the ten millions digit of 383985703?
8
What is the hundreds digit of 183799882?
8
What is the ten millions digit of 413225588?
1
What is the ten thousands digit of 28240975?
4
What is the ten thousands digit of 35213580?
1
What is the hundred thousands digit of 110629629?
6
What is the ten millions digit of 113893662?
1
What is the tens digit of 141723234?
3
What is the tens digit of 49591489?
8
What is the billions digit of 4646126320?
4
What is the hundreds digit of 303685779?
7
What is the millions digit of 618988034?
8
What is the thousands digit of 499893904?
3
What is the ten thousands digit of 459952025?
5
What is the hundred thousands digit of 336932087?
9
What is the millions digit of 80752626?
0
What is the hundreds digit of 23180665?
6
What is the ten millions digit of 1197964251?
9
What is the hundred thousands digit of 16684704?
6
What is the units digit of 9695376?
6
What is the units digit of 12000777?
7
What is the hundreds digit of 22511191?
1
What is the thousands digit of 559285755?
5
What is the ten millions digit of 106298196?
0
What is the ten thousands digit of 3146216?
4
What is the units digit of 991629380?
0
What is the hundred thousands digit of 432658870?
6
What is the hundred millions digit of 723894641?
7
What is the tens digit of 757004593?
9
What is the hundred thousands digit of 303555552?
5
What is the thousands digit of 61110802?
0
What is the units digit of 152118957?
7
What is the hundreds digit of 76980747?
7
What is the units digit of 14175689?
9
What is the ten millions digit of 1000049752?
0
What is the hundred thousands digit of 73706314?
7
What is the millions digit of 39668957?
9
What is the ten millions digit of 979837308?
7
What is the units digit of 1382770042?
2
What is the hundreds digit of 44479821?
8
What is the hundreds digit of 60154985?
9
What is the millions digit of 499805826?
9
What is the tens digit of 4373675?
7
What is the units digit of 44097921?
1
What is the hundred thousands digit of 25182764?
1
What is the thousands digit of 530615639?
5
What is the ten thousands digit of 402510211?
1
What is the tens digit of 2532425598?
9
What is the ten thousands digit of 55027359?
2
What is the thousands digit of 29680635?
0
What is the units digit of 99708046?
6
What is the tens digit of 280155110?
1
What is the tens digit of 98906574?
7
What is the hundreds digit of 1266298751?
7
What is the ten millions digit of 538672237?
3
What is the hundreds digit of 4973915?
9
What is the hundreds digit of 91248177?
1
What is the thousands digit of 135649973?
9
What is the billions digit of 2677152929?
2
What is the thousands digit of 26670494?
0
What is the hundred thousands digit of 17144469?
1
What is the tens digit of 182426031?
3
What is the units digit of 47157147?
7
What is the tens digit of 3589498977?
7
What is the millions digit of 145702885?
5
What is the ten thousands digit of 171858952?
5
What is the thousands digit of 1788209338?
9
What is the tens digit of 49712202?
0
What is the thousands digit of 933892830?
2
What is the hundred thousands digit of 15092548?
0
What is the tens digit of 57043965?
6
What is the thousands digit of 11695344?
5
What is the tens digit of 58230319?
1
What is the ten millions digit of 55235842?
5
What is the millions digit of 1138931616?
8
What is the billions digit of 1220972001?
1
What is the hundred thousands digit of 843924264?
9
What is the hundreds digit of 4198839?
8
What is the hundred millions digit of 108902851?
1
What is the hundred millions digit of 1017838540?
0
What is the hundred millions digit of 1202506752?
2
What is the units digit of 21120361?
1
What is the units digit of 61711417?
7
What is the tens digit of 73353798?
9
What is the ten millions digit of 43705047?
4
What is the units digit of 479614777?
7
What is the hundred millions digit of 667828287?
6
What is the ten thousands digit of 502783216?
8
What is the ten thousands digit of 29775820?
7
What is the hundreds digit of 243616412?
4
What is the units digit of 1528956057?
7
What is the ten millions digit of 363588364?
6
What is the hundred thousands digit of 1042732531?
7
What is the millions digit of 1246431526?
6
What is the units digit of 248488890?
0
What is the hundred millions digit of 2757448841?
7
What is the units digit of 1357041599?
9
What is the millions digit of 89792371?
9
What is the hundred millions digit of 1672362798?
6
What is the hundred millions digit of 7065562341?
0
What is the thousands digit of 57820867?
0
What is the ten thousands digit of 123037960?
3
What is the units digit of 951629908?
8
What is the ten thousands digit of 3345947439?
4
What is the tens digit of 1292207003?
0
What is the hundred millions digit of 680311937?
6
What is the ten millions digit of 215546673?
1
What is the ten millions digit of 257355493?
5
What is the ten millions digit of 152961851?
5
What is the hundreds digit of 4743758044?
0
What is the hundred thousands digit of 48593634?
5
What is the thousands digit of 592884202?
4
What is the thousands digit of 274151928?
1
What is the hundred thousands digit of 637570115?
5
What is the tens digit of 107408732?
3
What is the units digit of 2302064164?
4
What is the millions digit of 255855767?
5
What is the thousands digit of 924562576?
2
What is the billions digit of 1946697592?
1
What is the units digit of 69471311?
1
What is the ten thousands digit of 340452508?
5
What is the hundred thousands digit of 407407149?
4
What is the hundred thousands digit of 3956352768?
3
What is the tens digit of 3315540063?
6
What is the millions digit of 7232510851?
2
What is the ten thousands digit of 123461654?
6
What is the units digit of 5253953408?
8
What is the hundred thousands digit of 149054637?
0
What is the thousands digit of 5797000?
7
What is the hundred thousands digit of 121880983?
8
What is the hundred thousands digit of 10384350?
3
What is the hundred thousands digit of 82549171?
5
What is the units digit of 3695219460?
0
What is the ten millions digit of 5197182695?
9
What is the thousands digit of 2227963?
7
What is the units digit of 1174754910?
0
What is the units digit of 38499116?
6
What is the ten thousands digit of 630418649?
1
What is the units digit of 2353140661?
1
What is the millions digit of 836335432?
6
What is the millions digit of 536296736?
6
What is the billions digit of 6893195724?
6
What is the hundred thousands digit of 2218705132?
7
What is the thousands digit of 281020507?
0
What is the ten thousands digit of 635856119?
5
What is the thousands digit of 26